ided by 22?
21
Calculate the remainder when 316330 is divided by 1977.
10
What is the remainder when 45329 is divided by 22650?
29
What is the remainder when 19581 is divided by 369?
24
Calculate the remainder when 5114 is divided by 397.
350
What is the remainder when 1049577 is divided by 882?
879
Calculate the remainder when 894033 is divided by 286.
283
What is the remainder when 40804 is divided by 1700?
4
Calculate the remainder when 2060 is divided by 189.
170
Calculate the remainder when 22631 is divided by 464.
359
Calculate the remainder when 22221 is divided by 14.
3
Calculate the remainder when 46488 is divided by 1192.
0
What is the remainder when 23756 is divided by 279?
41
Calculate the remainder when 11336 is divided by 396.
248
Calculate the remainder when 2336 is divided by 568.
64
Calculate the remainder when 2181 is divided by 2136.
45
What is the remainder when 18304 is divided by 2366?
1742
Calculate the remainder when 19188 is divided by 1741.
37
What is the remainder when 4617 is divided by 1051?
413
What is the remainder when 8573 is divided by 4264?
45
Calculate the remainder when 6010 is divided by 48.
10
What is the remainder when 9340 is divided by 1851?
85
Calculate the remainder when 14611 is divided by 269.
85
What is the remainder when 2143 is divided by 94?
75
What is the remainder when 2779 is divided by 1354?
71
Calculate the remainder when 20390 is divided by 22.
18
Calculate the remainder when 7432553 is divided by 33.
29
What is the remainder when 332587 is divided by 8?
3
Calculate the remainder when 33880 is divided by 197.
193
Calculate the remainder when 1202 is divided by 215.
127
Calculate the remainder when 4927 is divided by 148.
43
What is the remainder when 66709 is divided by 22220?
49
What is the remainder when 790 is divided by 77?
20
Calculate the remainder when 351899 is divided by 414.
413
What is the remainder when 3156 is divided by 1566?
24
What is the remainder when 9298754 is divided by 15?
14
What is the remainder when 12291 is divided by 230?
101
What is the remainder when 16704 is divided by 5?
4
Calculate the remainder when 2192415 is divided by 523.
522
What is the remainder when 32022 is divided by 2?
0
Calculate the remainder when 1254 is divided by 611.
32
What is the remainder when 680305 is divided by 8?
1
What is the remainder when 132412 is divided by 16551?
4
Calculate the remainder when 5494 is divided by 1824.
22
What is the remainder when 1790 is divided by 889?
12
Calculate the remainder when 3780 is divided by 97.
94
What is the remainder when 6422777 is divided by 26?
23
Calculate the remainder when 1455 is divided by 94.
45
What is the remainder when 18099 is divided by 366?
165
What is the remainder when 510 is divided by 114?
54
Calculate the remainder when 2691 is divided by 162.
99
What is the remainder when 75492 is divided by 1986?
24
What is the remainder when 9176 is divided by 1143?
32
What is the remainder when 225724 is divided by 530?
474
What is the remainder when 1021838 is divided by 48658?
20
What is the remainder when 180464 is divided by 70?
4
What is the remainder when 1686 is divided by 308?
146
Calculate the remainder when 22906 is divided by 11257.
392
Calculate the remainder when 2354256 is divided by 1364.
1356
Calculate the remainder when 6174 is divided by 206.
200
Calculate the remainder when 62840 is divided by 3917.
168
Calculate the remainder when 18710 is divided by 47.
4
What is the remainder when 1978 is divided by 231?
130
What is the remainder when 21140 is divided by 1171?
62
Calculate the remainder when 2991 is divided by 739.
35
Calculate the remainder when 78939 is divided by 441.
0
What is the remainder when 17733 is divided by 306?
291
What is the remainder when 6898 is divided by 96?
82
What is the remainder when 61241 is divided by 15308?
9
Calculate the remainder when 16518 is divided by 55.
18
Calculate the remainder when 3686 is divided by 821.
402
Calculate the remainder when 1591 is divided by 61.
5
Calculate the remainder when 26332 is divided by 13153.
26
Calculate the remainder when 68575 is divided by 434.
3
Calculate the remainder when 235586 is divided by 121.
120
Calculate the remainder when 113529 is divided by 343.
339
Calculate the remainder when 939124 is divided by 313015.
79
What is the remainder when 112258 is divided by 37383?
109
Calculate the remainder when 51351 is divided by 3947.
40
What is the remainder when 897 is divided by 546?
351
What is the remainder when 13733 is divided by 263?
57
Calculate the remainder when 17598 is divided by 339.
309
Calculate the remainder when 13189 is divided by 4117.
838
What is the remainder when 25231 is divided by 1357?
805
What is the remainder when 3842 is divided by 7?
6
Calculate the remainder when 82337 is divided by 1497.
2
What is the remainder when 5234 is divided by 66?
20
Calculate the remainder when 85857 is divided by 6.
3
Calculate the remainder when 2600 is divided by 163.
155
Calculate the remainder when 21164 is divided by 1924.
0
What is the remainder when 109117 is divided by 36372?
1
What is the remainder when 1021 is divided by 338?
7
What is the remainder when 195 is divided by 92?
11
Calculate the remainder when 455161 is divided by 41376.
25
Calculate the remainder when 1196 is divided by 1154.
42
What is the remainder when 8088 is divided by 1598?
98
Calculate the remainder when 43047 is divided by 1536.
39
Calculate the remainder when 3362 is divided by 50.
12
What is the remainder when 362744 is divided by 516?
512
Calculate the remainder when 9769 is divided by 163.
152
Calculate the remainder when 5750 is divided by 20.
10
Calculate the remainder when 19619 is divided by 60.
59
What is the remainder when 566874 is divided by 2295?
9
Calculate the remainder when 339321 is divided by 940.
921
What is the remainder when 58367 is divided by 31?
25
Calculate the remainder when 27471 is divided by 763.
3
What is the remainder when 1733 is divided by 568?
29
Calculate the remainder when 42172 is divided by 4215.
22
Calculate the remainder when 176215 is divided by 176207.
8
What is the remainder when 2655 is divided by 89?
74
What is the remainder when 17082 is divided by 57?
39
What is the remainder when 1506 is divided by 52?
50
Calculate the remainder when 3321 is divided by 266.
129
Calculate the remainder when 26996 is divided by 930.
26
What is the remainder when 4352 is divided by 1808?
736
What is the remainder when 61359 is divided by 20447?
18
What is the remainder when 21264 is divided by 6997?
273
Calculate the remainder when 253 is divided by 120.
13
What is the remainder when 1963 is divided by 959?
45
Calculate the remainder when 360848 is divided by 144.
128
Calculate the remainder when 527995 is divided by 29.
21
Calculate the remainder when 3377 is divided by 1120.
17
Calculate the remainder when 1681 is divided by 1240.
441
Calculate the remainder when 13438 is divided by 773.
297
Calculate the remainder when 1147 is divided by 207.
112
What is the remainder when 4827 is divided by 158?
87
Calculate the remainder when 7493 is divided by 440.
13
What is the remainder when 2230 is divided by 93?
91
Calculate the remainder when 76084 is divided by 125.
84
Calculate the remainder when 8922 is divided by 604.
466
Calculate the remainder when 31121 is divided by 510.
11
What is the remainder when 25642 is divided by 298?
14
Calculate the remainder when 242 is divided by 218.
24
Calculate the remainder when 19078 is divided by 6348.
34
Calculate the remainder when 63070 is divided by 119.
0
Calculate the remainder when 9130 is divided by 138.
22
Calculate the remainder when 4439 is divided by 18.
11
What is the remainder when 29572 is divided by 3678?
148
Calculate the remainder when 39935 is divided by 175.
35
What is the remainder when 1657212 is divided by 205?
197
What is the remainder when 95 is divided by 89?
6
Calculate the remainder when 1442585 is divided by 360645.
5
Calculate the remainder when 7219 is divided by 366.
265
What is the remainder when 45 is divided by 34?
11
What is the remainder when 6331 is divided by 791?
3
What is the remainder when 967090 is divided by 19?
9
What is the remainder when 1037925 is